
5
Let b(g) = -g**3 - 10*g**2 + 10*g + 25. Calculate the remainder when b(-11) is divided by 12 + -1 - (-1 + 4).
4
Let k(a) = 14*a - 72. Suppose 0 = -4*v - 25 + 81. What is the remainder when k(8) is divided by v?
12
Suppose 0 = -13*x + 14*x + 2, -3*s + 468 = -3*x. What is the remainder when 604 is divided by s?
142
Let j(p) = -5*p + p**3 + 6*p + p**3 + 1 - p**3 - 9*p**2. What is the remainder when (4/10)/(1/45) is divided by j(9)?
8
Suppose 0 = -440*l + 416*l + 9552. What is the remainder when l is divided by 100?
98
Suppose -71 + 25 = -i + 4*o, 0 = 5*i - 4*o - 214. What is the remainder when 286 is divided by i?
34
Let c = -328 + 337. Calculate the remainder when 62 is divided by c.
8
Calculate the remainder when ((-228)/16)/(-4 + (-1989)/(-504)) is divided by 90.
86
Let f(b) = 44*b - 49*b + 4 + 0. What is the remainder when 68 is divided by f(-2)?
12
Suppose -20*j = 57*j - 1309. Calculate the remainder when 64 is divided by j.
13
Let f(l) = -5*l + 20. Let s be f(4). Let b(c) = -c**2 + c + 65. Calculate the remainder when 259 is divided by b(s).
64
What is the remainder when 645 is divided by 1/(2 - 0)*118?
55
Let p(a) = -1. Let m(j) = -j**2 - 11*j - 1. Let f(z) = m(z) + 3*p(z). Calculate the remainder when 53 is divided by f(-3).
13
Let b(p) be the second derivative of -2*p**3/3 + 2*p**2 + 12*p. What is the remainder when 44 is divided by b(-5)?
20
Let c = 1084 - 978. Calculate the remainder when c is divided by 38.
30
Suppose -92 = -3*d - 17. Let f(g) = -6*g**3 + 15*g + 6. What is the remainder when f(-3) is divided by d?
23
Let h = 5605 + -5585. Let k(o) = o + 50. Let v be k(0). Let l = v + -11. What is the remainder when l is divided by h?
19
Let y(n) = -29*n. What is the remainder when ((-31)/31)/(6/(-516)) is divided by y(-1)?
28
Suppose -264 = -6*w - 30. Calculate the remainder when w is divided by 21.
18
Let b(v) be the third derivative of v**5/60 + 11*v**4/24 - 5*v**3/3 - 15*v**2. Calculate the remainder when b(7) is divided by 24.
20
Let b be -3 + 1 + -4 + 1 + 5. Suppose b*n - 10*n = -1110. What is the remainder when n is divided by 38?
35
Let o = -892 + 1067. What is the remainder when o is divided by 93?
82
Let t = 55 - -31. What is the remainder when t is divided by 30?
26
Let z(s) = -s**3 + 8*s**2 - 11*s - 5. Let v(b) = -2*b**3 + 16*b**2 - 21*b - 9. Let x(t) = 2*v(t) - 5*z(t). What is the remainder when 49 is divided by x(6)?
10
Let d(s) = s**2 - 6*s - 86. Calculate the remainder when 187 is divided by d(-9).
40
Suppose -5*p + 2*i + 615 - 203 = 0, p = 4*i + 86. What is the remainder when p is divided by 7?
5
Let n(k) = -k**2 + 26*k - 35. Calculate the remainder when 193 is divided by n(24).
11
Suppose -36 = 3*g - 5*p, 0 = -4*g + 5*p - 7 - 46. Suppose -2*h + 135 = -5*c, 0 = -5*h + 15 + 10. Let o = g - c. Calculate the remainder when 30 is divided by o.
6
Let f = 4 + -14. Suppose 3*m = -4*k - 123, -3*m = -k + 47 + 91. Let h = f - m. Calculate the remainder when h is divided by 18.
17
Let g(w) = -w**3 - 4*w**2 + 2*w. Let l be g(-5). Let u = l - -33. What is the remainder when u is divided by 25?
23
Let s(g) = -g**2 + g + 6. Let f be s(3). Suppose -2*m + o + 153 = 0, f*m + 3*o - 410 = -5*m. What is the remainder when m is divided by 10?
9
Suppose 0 = -2*d - 2, 0 = f + d - 2 + 1. Let i(m) = 4*m**3 - m**2 - m - 2. Suppose -3*o + 1281 = 1254. What is the remainder when i(f) is divided by o?
6
Suppose 0 = -83*h + 150*h - 3484. What is the remainder when h is divided by 46?
6
Let t = -14 - -16. Suppose 3*v = -5*m + 7, v + 1 = t*m - 7*m. Calculate the remainder when 62 is divided by m/(2/(-22)) + 2.
10
Suppose d - 46 = -0. Calculate the remainder when 157 is divided by d.
19
Suppose -6*r + 2*r = -28. Let z(q) = r + 2*q + 0*q + 2*q. What is the remainder when z(3) is divided by 11?
8
Suppose -4*r + 2*a = -292, -4*r - 2*a = r - 374. Let d = r + -63. Suppose u + u - 86 = 0. Calculate the remainder when u is divided by d.
10
Suppose 24 = 2*f - 0. Let b = f + -5. Calculate the remainder when 13 is divided by b.
6
Let p = -210 - -222. What is the remainder when 35 is divided by p?
11
Suppose -n + 4*r + 6 = 0, 4*n + 0*r = 4*r. Let q(l) = -l + 2. Let v be q(n). Suppose 6 = v*f - 42. What is the remainder when f is divided by 5?
2
Let l be (0 + (-2 - -1))*0. Suppose -9*z + 10*z - 10 = l. Suppose 0 = -v + 5*b + 1 + 5, v = b + z. Calculate the remainder when 41 is divided by v.
8
Let v(y) = y + 14. Suppose 9*p + 87 = 15. Calculate the remainder when 16 - 2 - 1/(-1) is divided by v(p).
3
What is the remainder when 76 is divided by (-108)/51 - -2 - (-15752)/374?
34
Suppose -6*s + 346 + 116 = 0. What is the remainder when 301 is divided by s?
70
Let o(k) = -k**3 + 6 - 4*k**2 + k + 6*k + 0*k + 3*k**2. Calculate the remainder when 77 is divided by o(-4).
25
Let b = 42 + -43. What is the remainder when 47 is divided by (-14)/b - (0/(-5) - -1)?
8
Let m be -5 + 20 + (-4 - -6). Suppose -3*t = 2*d - m - 16, t - 76 = -5*d. Let n = -20 - -63. Calculate the remainder when n is divided by d.
13
Let x(r) = 13*r + 22. What is the remainder when x(4) is divided by 39?
35
Let c(j) = j**2 + 9*j - 7. Let s be c(6). Let l = s - 66. What is the remainder when 32 is divided by l?
15
Suppose -60 - 52 = -4*f. Let w(n) = 10*n + 215. What is the remainder when f is divided by w(-20)?
13
Let f(r) be the third derivative of -3*r**6/40 + r**4/24 - 2*r**3/3 - r**2. Calculate the remainder when f(-2) is divided by 23.
20
Let f = -2182 + 2250. What is the remainder when f is divided by 20?
8
Let o(t) = 2*t**2 - 110*t - 41. What is the remainder when 919 is divided by o(56)?
67
Let r(d) = -6*d - 26. Let b(x) = -x. Let y(p) = 5*b(p) - r(p). What is the remainder when 31 + -4 - (1 + 1) is divided by y(-17)?
7
Let b be (-9)/15 + (-462)/30. What is the remainder when 111 is divided by ((-161)/46)/(2/b)?
27
Let b = -405 + 410. Calculate the remainder when 26 is divided by b.
1
Let s = 24 + 10. Calculate the remainder when 67 is divided by s.
33
Let j = 47 - 32. Calculate the remainder when 164 is divided by j.
14
Let a(p) = -p**2 + 8*p - 4. Let w be a(8). Calculate the remainder when ((-31)/(-7) + -5)*266/w is divided by 20.
18
Let d be ((-136)/51)/((-1)/3). Let w be (-3604)/16 + 2/d. Let n = -143 - w. What is the remainder when n is divided by 21?
19
Suppose -i - 71 = -r, -4*i = 18 - 14. Calculate the remainder when r is divided by 29.
12
Suppose -c - 252 = -5*c. Let t = 32 - 30. Suppose 2*v - 30 = t. Calculate the remainder when c is divided by v.
15
Suppose 12*l - 169 = 443. Let u = 75 - 49. What is the remainder when l is divided by u?
25
Let n(t) = 7*t + 6. Let g(b) = b**3 + 5*b**2 - 6*b. Let k be g(-6). Suppose 27 = -0*z + 3*z. Calculate the remainder when z is divided by n(k).
3
Let i(g) = -g**2 + 10*g - 17. Let l be i(7). Suppose 20 = -l*t + 9*t. Suppose 0*z = -3*z + 27. What is the remainder when z is divided by t?
1
What is the remainder when (-8)/(-10)*11/((-88)/(-280)) is divided by 15?
13
Suppose -86 = -y - s, -2*y + 7*y = 3*s + 462. What is the remainder when y is divided by 16?
10
Let i(x) = 2*x**3 + 2*x**2 - 4. Let m be i(3). Let y = m + -58. What is the remainder when 39 is divided by y?
9
Let b(r) be the second derivative of r**4/4 - r**3/2 + 23*r**2/2 + 7*r. Calculate the remainder when b(6) is divided by 23.
21
Suppose 2*m + t = -t + 20, -2*t = 5*m - 44. Calculate the remainder when 71 is divided by m.
7
Suppose -50 = 4*j + 5*t, 3*j + 4*t - 13 = -51. Calculate the remainder when j/15 - ((-215)/3 - -2) is divided by 24.
21
Let f = -12 + 29. Suppose 10*h - 4*i - 410 = 5*h, 0 = -h - 2*i + 82. What is the remainder when h is divided by f?
14
Suppose d - 2*u = 58, -2*d - 5*u = -4*u - 106. What is the remainder when d is divided by 42?
12
Suppose 0 = -0*s - 8*s + 96. Let r be ((-14)/(-35))/(1/10). Suppose -5*k + 187 = -r*c, c - 21 = -3*k + 81. Calculate the remainder when k is divided by s.
11
Suppose 0 = 30*p - 5*p - 475. Calculate the remainder when 51 is divided by p.
13
Suppose -480 = -4*p - 8*p. Suppose -4*v + 3 = 7. Calculate the remainder when p is divided by -1*(v - (10 - 0)).
7
Let h = 434 - 403. Calculate the remainder when 102 is divided by h.
9
What is the remainder when 52 is divided by 6 + (-3*6/9 - -5)?
7
Let y be -19 + (-2 - -6) + 0. Let a = y + 22. Su